{"id":208,"date":"2019-11-03T16:00:28","date_gmt":"2019-11-03T16:00:28","guid":{"rendered":"http:\/\/www.yuibentotest.ch\/?page_id=9"},"modified":"2023-11-26T14:57:47","modified_gmt":"2023-11-26T14:57:47","slug":"about","status":"publish","type":"page","link":"https:\/\/www.yuibento.ch\/?page_id=208","title":{"rendered":"Happy Lunch Box"},"content":{"rendered":"<h4>Vielen \u2661lichen Dank f\u00fcr Deinen Besuch bei yuibento!<\/h4>\n<p>Lunch Boxes k\u00f6nnen jeweils f\u00fcr den Mittwoch und Donnerstag bestellt werden.<\/p>\n<p>Bestellungen bitte jeweils am <span style=\"color: #ff0000;\"><strong>Vortag<\/strong><\/span> bis sp\u00e4testens <span style=\"color: #ff0000;\"><strong>18:00<\/strong><\/span> Uhr mit dem <span style=\"color: #ff0000;\"><strong>Bestellformular\u00a0<\/strong><\/span> unter &#8222;Men\u00fc &#038; Bestellung&#8220;, abgeben.<\/p>\n<p>F\u00fcr die Bestellung wird dann ein Best\u00e4tigungsmail mit allen weitern Angaben (Abholungsort in <strong>Hinteregg<\/strong>, etc.) ausgel\u00f6st.<\/p>\n<p>Abweichende Vereinbarungen sind nach individueller Absprache m\u00f6glich oder im Bestellformular anzugeben. Vielen Dank!<\/p>\n<h4>\u00a0<\/h4>\n<h4>Eco freundlich<\/h4>\n<p>Deklaration Herkunft tierische Produkte:<br \/>Fleisch &#8211; Schweiz<br \/>Eier &#8211; Schweiz, Hr. Bruno Tobler H\u00fchnerhof zum Wiesental<\/p>\n<p>Die Lieferung erfolgt in einer Bio-Box mit folgenden Eigenschaften:<\/p>\n<table>\n<tbody>\n<tr>\n<td><img loading=\"lazy\" decoding=\"async\" src=\"http:\/\/yuibento.ch\/images\/pic_b2c_a_frei_von_plastik.png\" alt=\"\" width=\"21\" height=\"21\" \/><\/td>\n<td>frei von Plastik<\/td>\n<td><img loading=\"lazy\" decoding=\"async\" src=\"http:\/\/yuibento.ch\/images\/pic_b2c_f_kompostierbar.png\" alt=\"\" width=\"24\" height=\"24\" \/><\/td>\n<td>biologisch abbaubar<\/td>\n<\/tr>\n<tr>\n<td><img loading=\"lazy\" decoding=\"async\" src=\"http:\/\/yuibento.ch\/images\/pic_b2c_c_weniger_co2.png\" alt=\"\" width=\"24\" height=\"24\" \/><\/td>\n<td colspan=\"3\">Biokunststoff Co<sup>2 <\/sup>reduziert<\/td>\n<\/tr>\n<tr>\n<td><img loading=\"lazy\" decoding=\"async\" src=\"http:\/\/yuibento.ch\/images\/pic_b2c_h_mikrowelle.png\" alt=\"\" width=\"24\" height=\"24\" \/><\/td>\n<td>OK f\u00fcr Mikrowelle<\/td>\n<td><img loading=\"lazy\" decoding=\"async\" src=\"http:\/\/yuibento.ch\/images\/pic_b2c_j_tiefkuehl.png\" alt=\"\" width=\"24\" height=\"24\" \/><\/td>\n<td>OK f\u00fcr Tiefk\u00fchlung<\/td>\n<\/tr>\n<\/tbody>\n<\/table>\n\n\n<p><\/p>\n","protected":false},"excerpt":{"rendered":"<p>Vielen \u2661lichen Dank f\u00fcr Deinen Besuch bei yuibento! Lunch Boxes k\u00f6nnen jeweils f\u00fcr den Mittwoch und Donnerstag bestellt werden. Bestellungen bitte jeweils am Vortag bis sp\u00e4testens 18:00 Uhr mit dem Bestellformular\u00a0 unter &#8222;Men\u00fc &#038; Bestellung&#8220;, abgeben. F\u00fcr die Bestellung wird dann ein Best\u00e4tigungsmail mit allen weitern Angaben (Abholungsort in Hinteregg, etc.) ausgel\u00f6st. Abweichende Vereinbarungen sind&#8230; <a href=\"https:\/\/www.yuibento.ch\/?page_id=208\">Continue reading <span class=\"screen-reader-text\">&#8222;Happy Lunch Box&#8220;<\/span><\/a><\/p>\n","protected":false},"author":2,"featured_media":0,"parent":12,"menu_order":0,"comment_status":"closed","ping_status":"closed","template":"templates\/centered.php","meta":{"footnotes":""},"class_list":["post-208","page","type-page","status-publish","hentry"],"_links":{"self":[{"href":"https:\/\/www.yuibento.ch\/index.php?rest_route=\/wp\/v2\/pages\/208","targetHints":{"allow":["GET"]}}],"collection":[{"href":"https:\/\/www.yuibento.ch\/index.php?rest_route=\/wp\/v2\/pages"}],"about":[{"href":"https:\/\/www.yuibento.ch\/index.php?rest_route=\/wp\/v2\/types\/page"}],"author":[{"embeddable":true,"href":"https:\/\/www.yuibento.ch\/index.php?rest_route=\/wp\/v2\/users\/2"}],"replies":[{"embeddable":true,"href":"https:\/\/www.yuibento.ch\/index.php?rest_route=%2Fwp%2Fv2%2Fcomments&post=208"}],"version-history":[{"count":3,"href":"https:\/\/www.yuibento.ch\/index.php?rest_route=\/wp\/v2\/pages\/208\/revisions"}],"predecessor-version":[{"id":746,"href":"https:\/\/www.yuibento.ch\/index.php?rest_route=\/wp\/v2\/pages\/208\/revisions\/746"}],"up":[{"embeddable":true,"href":"https:\/\/www.yuibento.ch\/index.php?rest_route=\/wp\/v2\/pages\/12"}],"wp:attachment":[{"href":"https:\/\/www.yuibento.ch\/index.php?rest_route=%2Fwp%2Fv2%2Fmedia&parent=208"}],"curies":[{"name":"wp","href":"https:\/\/api.w.org\/{rel}","templated":true}]}}